{"id":36,"date":"2025-04-23T12:56:00","date_gmt":"2025-04-23T15:56:00","guid":{"rendered":"http:\/\/marisarezende.com.br\/?page_id=36"},"modified":"2025-05-05T14:50:06","modified_gmt":"2025-05-05T17:50:06","slug":"blog","status":"publish","type":"page","link":"https:\/\/marisarezende.com.br\/?page_id=36","title":{"rendered":"Blog"},"content":{"rendered":"\t\t<div data-elementor-type=\"wp-page\" data-elementor-id=\"36\" class=\"elementor elementor-36\">\n\t\t\t\t<div class=\"elementor-element elementor-element-5f353d6 e-con-full e-flex wpr-particle-no wpr-jarallax-no wpr-parallax-no wpr-sticky-section-no e-con e-parent\" data-id=\"5f353d6\" data-element_type=\"container\" data-e-type=\"container\">\n\t\t\t\t<div class=\"elementor-element elementor-element-d0c74b1 elementor-widget elementor-widget-upk-alice-grid\" data-id=\"d0c74b1\" data-element_type=\"widget\" data-e-type=\"widget\" data-widget_type=\"upk-alice-grid.default\">\n\t\t\t\t<div class=\"elementor-widget-container\">\n\t\t\t\t\t\t\t<div class=\"upk-alice-grid\">\n\t\t\t<div class=\"upk-alice-wrap upk-content-bottom-center upk-style-4\">\n\t\t\t\t\t\t\t\t\t\t\t<div class=\"upk-item\">\n\t\t\t<div class=\"upk-item-box\">\n\t\t\t\t<div class=\"upk-img-wrap\">\n\t\t\t\t\t<img decoding=\"async\" class=\"upk-img\" src=\"https:\/\/marisarezende.com.br\/wp-content\/plugins\/elementor\/assets\/images\/placeholder.png\" alt=\"Em constru\u00e7\u00e3o 4\">\t\t\t\t<\/div>\n\t\t\t\t\t\t<div class=\"upk-category\">\n\t\t\t<a href=\"https:\/\/marisarezende.com.br\/?cat=48\">Teste<\/a>\t\t<\/div>\n\t\t\t\t\t<div class=\"upk-content\">\n\t\t\t\t\t<h3 class=\"upk-title\"><a href=\"https:\/\/marisarezende.com.br\/?p=701\" title=\"Em constru\u00e7\u00e3o 4\" class=\"title-animation-underline\" >Em constru\u00e7\u00e3o 4<\/a><\/h3>\n\t\t\t\t\t\n\t\t\t\t<\/div>\n\t\t\t<\/div>\n\t\t<\/div>\n\t\t\t\t\t\t\t\t\t\t\t\t<div class=\"upk-item\">\n\t\t\t<div class=\"upk-item-box\">\n\t\t\t\t<div class=\"upk-img-wrap\">\n\t\t\t\t\t<img fetchpriority=\"high\" decoding=\"async\" width=\"225\" height=\"300\" src=\"https:\/\/marisarezende.com.br\/wp-content\/uploads\/2025\/04\/IMG_1554-225x300.jpg\" class=\"upk-img\" alt=\"Em constru\u00e7\u00e3o 3\" srcset=\"https:\/\/marisarezende.com.br\/wp-content\/uploads\/2025\/04\/IMG_1554-225x300.jpg 225w, https:\/\/marisarezende.com.br\/wp-content\/uploads\/2025\/04\/IMG_1554-768x1024.jpg 768w, https:\/\/marisarezende.com.br\/wp-content\/uploads\/2025\/04\/IMG_1554-1152x1536.jpg 1152w, https:\/\/marisarezende.com.br\/wp-content\/uploads\/2025\/04\/IMG_1554-1536x2048.jpg 1536w, https:\/\/marisarezende.com.br\/wp-content\/uploads\/2025\/04\/IMG_1554-scaled.jpg 1920w\" sizes=\"(max-width: 225px) 100vw, 225px\" \/>\t\t\t\t<\/div>\n\t\t\t\t\t\t<div class=\"upk-category\">\n\t\t\t<a href=\"https:\/\/marisarezende.com.br\/?cat=48\">Teste<\/a>\t\t<\/div>\n\t\t\t\t\t<div class=\"upk-content\">\n\t\t\t\t\t<h3 class=\"upk-title\"><a href=\"https:\/\/marisarezende.com.br\/?p=699\" title=\"Em constru\u00e7\u00e3o 3\" class=\"title-animation-underline\" >Em constru\u00e7\u00e3o 3<\/a><\/h3>\n\t\t\t\t\t\n\t\t\t\t<\/div>\n\t\t\t<\/div>\n\t\t<\/div>\n\t\t\t\t\t\t\t\t\t\t\t\t<div class=\"upk-item\">\n\t\t\t<div class=\"upk-item-box\">\n\t\t\t\t<div class=\"upk-img-wrap\">\n\t\t\t\t\t<img decoding=\"async\" class=\"upk-img\" src=\"https:\/\/marisarezende.com.br\/wp-content\/plugins\/elementor\/assets\/images\/placeholder.png\" alt=\"Em constru\u00e7\u00e3o 2\">\t\t\t\t<\/div>\n\t\t\t\t\t\t<div class=\"upk-category\">\n\t\t\t<a href=\"https:\/\/marisarezende.com.br\/?cat=48\">Teste<\/a>\t\t<\/div>\n\t\t\t\t\t<div class=\"upk-content\">\n\t\t\t\t\t<h3 class=\"upk-title\"><a href=\"https:\/\/marisarezende.com.br\/?p=697\" title=\"Em constru\u00e7\u00e3o 2\" class=\"title-animation-underline\" >Em constru\u00e7\u00e3o 2<\/a><\/h3>\n\t\t\t\t\t\n\t\t\t\t<\/div>\n\t\t\t<\/div>\n\t\t<\/div>\n\t\t\t\t\t\t\t\t\t\t\t\t<div class=\"upk-item\">\n\t\t\t<div class=\"upk-item-box\">\n\t\t\t\t<div class=\"upk-img-wrap\">\n\t\t\t\t\t<img decoding=\"async\" width=\"300\" height=\"198\" src=\"https:\/\/marisarezende.com.br\/wp-content\/uploads\/2025\/05\/Design-sem-nome-300x198.png\" class=\"upk-img\" alt=\"Em constru\u00e7\u00e3o\" srcset=\"https:\/\/marisarezende.com.br\/wp-content\/uploads\/2025\/05\/Design-sem-nome-300x198.png 300w, https:\/\/marisarezende.com.br\/wp-content\/uploads\/2025\/05\/Design-sem-nome-768x507.png 768w, https:\/\/marisarezende.com.br\/wp-content\/uploads\/2025\/05\/Design-sem-nome.png 970w\" sizes=\"(max-width: 300px) 100vw, 300px\" \/>\t\t\t\t<\/div>\n\t\t\t\t\t\t<div class=\"upk-category\">\n\t\t\t<a href=\"https:\/\/marisarezende.com.br\/?cat=48\">Teste<\/a>\t\t<\/div>\n\t\t\t\t\t<div class=\"upk-content\">\n\t\t\t\t\t<h3 class=\"upk-title\"><a href=\"https:\/\/marisarezende.com.br\/?p=518\" title=\"Em constru\u00e7\u00e3o\" class=\"title-animation-underline\" >Em constru\u00e7\u00e3o<\/a><\/h3>\n\t\t\t\t\t\n\t\t\t\t<\/div>\n\t\t\t<\/div>\n\t\t<\/div>\n\t\t\t\t\t\t\t\t\t\t\t\t<div class=\"upk-item\">\n\t\t\t<div class=\"upk-item-box\">\n\t\t\t\t<div class=\"upk-img-wrap\">\n\t\t\t\t\t<img decoding=\"async\" class=\"upk-img\" src=\"https:\/\/marisarezende.com.br\/wp-content\/plugins\/elementor\/assets\/images\/placeholder.png\" alt=\"Ol\u00e1, mundo!\">\t\t\t\t<\/div>\n\t\t\t\t\t\t<div class=\"upk-category\">\n\t\t\t<a href=\"https:\/\/marisarezende.com.br\/?cat=48\">Teste<\/a>\t\t<\/div>\n\t\t\t\t\t<div class=\"upk-content\">\n\t\t\t\t\t<h3 class=\"upk-title\"><a href=\"https:\/\/marisarezende.com.br\/?p=1\" title=\"Ol\u00e1, mundo!\" class=\"title-animation-underline\" >Ol\u00e1, mundo!<\/a><\/h3>\n\t\t\t\t\t\n\t\t\t\t<\/div>\n\t\t\t<\/div>\n\t\t<\/div>\n\t\t\t\t\t\t\t\t<\/div>\n\t\t<\/div>\n\n\t\t\t\t\t\t<\/div>\n\t\t\t\t<\/div>\n\t\t\t\t<\/div>\n\t\t\t\t<\/div>\n\t\t","protected":false},"excerpt":{"rendered":"<p>Sem categoria Em constru\u00e7\u00e3o 4 Sem categoria Em constru\u00e7\u00e3o 3 Sem categoria Em constru\u00e7\u00e3o 2 Teste Em constru\u00e7\u00e3o Sem categoria Ol\u00e1, mundo!<\/p>\n","protected":false},"author":2,"featured_media":0,"parent":0,"menu_order":0,"comment_status":"closed","ping_status":"closed","template":"elementor_header_footer","meta":{"footnotes":""},"class_list":["post-36","page","type-page","status-publish","hentry"],"_links":{"self":[{"href":"https:\/\/marisarezende.com.br\/index.php?rest_route=\/wp\/v2\/pages\/36","targetHints":{"allow":["GET"]}}],"collection":[{"href":"https:\/\/marisarezende.com.br\/index.php?rest_route=\/wp\/v2\/pages"}],"about":[{"href":"https:\/\/marisarezende.com.br\/index.php?rest_route=\/wp\/v2\/types\/page"}],"author":[{"embeddable":true,"href":"https:\/\/marisarezende.com.br\/index.php?rest_route=\/wp\/v2\/users\/2"}],"replies":[{"embeddable":true,"href":"https:\/\/marisarezende.com.br\/index.php?rest_route=%2Fwp%2Fv2%2Fcomments&post=36"}],"version-history":[{"count":23,"href":"https:\/\/marisarezende.com.br\/index.php?rest_route=\/wp\/v2\/pages\/36\/revisions"}],"predecessor-version":[{"id":713,"href":"https:\/\/marisarezende.com.br\/index.php?rest_route=\/wp\/v2\/pages\/36\/revisions\/713"}],"wp:attachment":[{"href":"https:\/\/marisarezende.com.br\/index.php?rest_route=%2Fwp%2Fv2%2Fmedia&parent=36"}],"curies":[{"name":"wp","href":"https:\/\/api.w.org\/{rel}","templated":true}]}}